
Let h = -47398 - -64240. What is the hundreds digit of h?
8
Let s(k) = 7*k**3 + 9*k**2 + 38*k + 5. What is the thousands digit of s(8)?
4
Suppose 2*k = 0, -2*c = 5*k + 3 - 13. Suppose c*l + 6 - 4 = 4*w, -2*l = -4*w + 8. What is the units digit of ((-1)/l)/(8/(-1136))?
1
Suppose 3353 = 10*a - 2177. Suppose -4*q = -635 - a. What is the hundreds digit of q?
2
Let w(p) = -p**3 + 6*p**2 - 5*p - 4. Let n be w(3). Suppose 20 = 5*o + 5*f, -4*f = -o - 0*f - 1. Suppose n + 382 = o*l. What is the units digit of l?
0
Let u = 579 + -267. Let y = u - 305. What is the units digit of y?
7
Let f(i) = i**3 - 12*i**2 + 15*i - 33. Let b be f(11). Suppose 0 = -b*p - 2*p + 845. What is the units digit of p?
5
Suppose 3515*i - 3519*i + 48520 = 0. What is the ten thousands digit of i?
1
What is the thousands digit of 30/120*(8 - -44180)?
1
Let t = -3325 - -6232. What is the thousands digit of t?
2
Let l = 88 + -109. What is the units digit of (-21)/l*-8*(1 - 44)?
4
Suppose 0 = 70*l - 106695 - 235143 - 135142. What is the tens digit of l?
1
Let z = -2739 + 17032. What is the units digit of z?
3
Let l(a) = -a**3 + 10*a**2 - 11*a + 20. Let t be l(9). Suppose -10 = 2*m, t*f = -3*f + m + 3515. Suppose f = 10*v - 4*v. What is the hundreds digit of v?
1
Suppose -942*g = -1882*g + 960*g - 1311240. What is the hundreds digit of g?
5
Suppose 11*w - 7*w - 16 = 0. Let n = 4 - w. Suppose -5*u - k = -626, -5*u = -n*k - k - 634. What is the tens digit of u?
2
Suppose 14519*o - 14474*o - 1296810 = 0. What is the tens digit of o?
1
Suppose 0 = 45*r - 26719 - 41996. What is the units digit of r?
7
Let w(c) = -47*c + 3. Let a(d) = 2*d - 22. Let i be a(12). Let j be 4*2/(i - 0 - 6). What is the units digit of w(j)?
7
Suppose -504*q - 706316 = -538*q. What is the hundreds digit of q?
7
Let q(f) = -8*f**2 - 6*f + 7. Let o be q(-5). Suppose -5*n - 46 - 457 = -2*i, -1048 = -4*i - 4*n. Let m = o + i. What is the tens digit of m?
9
Suppose 0 = 22*y - 167887 - 396105. What is the hundreds digit of y?
6
Let x = -286 - -174. What is the hundreds digit of (385/28 - 6)/((-2)/x)?
4
Let w(b) = 4*b**3 - 21*b**2 - 5*b + 3. Let a(q) = -2*q**2 + 18*q + 9. Let h be a(0). What is the hundreds digit of w(h)?
1
What is the thousands digit of (30816/480)/((-12)/(-2360))?
2
Suppose 741 = 3*t - 3297. Let n be t/7 + (-10)/35. Suppose 3*x = 516 - n. What is the tens digit of x?
0
What is the hundreds digit of ((-1)/2 - 0)/(658/(-3483452))?
6
Suppose -383428 + 3482044 = 94*y. What is the tens digit of y?
6
Let y be ((-5)/(20/3))/(4/16). What is the units digit of y/10 - (-235590)/300?
5
Suppose 4*x - 2*b + 60 = 3*b, 12 = -3*b. Let v = 4 + 1. What is the units digit of 3 + (1/v - 2976/x)?
2
Let n(p) = -p**2 + 192*p + 10244. What is the thousands digit of n(0)?
0
Suppose 46*n + 179508 = -70*n + 137*n. What is the thousands digit of n?
8
Let h(g) = -11556*g - 278. What is the hundreds digit of h(-1)?
2
Let n(f) = -94 - 70 - 17*f - 79 - 53. What is the tens digit of n(-22)?
7
Let v(s) = -s**3 - 64*s**2 - 5*s + 624. What is the ten thousands digit of v(-67)?
1
Let o be (-56)/476 + 14401/17. Suppose 2*b + 179 = o. What is the hundreds digit of b?
3
Let z(q) = -2*q**2 + 8*q - 13. Suppose -11*s + 81 = -2*s. Let b be z(s). Let h = b + 161. What is the units digit of h?
8
Suppose 3198 = -20*f + 213498. What is the units digit of f?
5
Let p(r) = 4*r**2 - 166*r + 34. What is the thousands digit of p(-20)?
4
Suppose -3*a - 13 + 51 = q, 3*a - 5*q - 26 = 0. Suppose 143 = a*k - k. Suppose -432 = -17*p + k*p. What is the tens digit of p?
0
Let r(q) = q - q**2 - 4*q**2 - q. Let b(u) = -39*u**2 + u. Let y(j) = 5*b(j) - 40*r(j). What is the tens digit of y(4)?
0
Suppose -40 = -5*y + 4*z, 3*y + 2*y = -2*z + 10. Suppose -2*v - y*w = -20, -5*w + 31 = 3*v - 0*w. What is the units digit of (-86)/((-56)/v - -4)?
9
Suppose 0 = -101*t + 112*t - 308. Let u(b) = -3*b - 2. Let x be u(-4). Suppose -6*i = -x*i + t. What is the units digit of i?
7
Let g be (4/5)/((-2)/(-10)). Suppose -g + 0 = -4*s, 15 = k + 3*s. Suppose -168 = -16*j + k*j. What is the tens digit of j?
4
Suppose 15 = -90*s + 93*s. Suppose 1957 = s*h - 4963. What is the thousands digit of h?
1
Let f(t) = t**3 - 7*t**2 + 3*t + 15. Let x be f(6). What is the units digit of -5 - (-373)/(x - -4)?
8
Suppose -b - 1 = -6, 3*l - 29 = 5*b. Let w = 716 - 639. Suppose -w = -d + l. What is the units digit of d?
5
What is the tens digit of 19483/3 + 114/171?
9
Let l = 739 - 443. Suppose -2*r = -l - 904. What is the units digit of r?
0
Let i be (-13 - -3)/(6/(-33)*-1). Let c = i + 49. What is the units digit of ((-8)/c)/((-3)/(648/(-4)))?
2
Suppose -3*v - 4*t = -14345, -2*t - 1275 = 2*v - 10835. What is the units digit of v?
5
Let r(y) = -4*y - 10. Let v be r(-3). Suppose v*m + 1114 = 3*h + m, -2*m = 3*h - 1102. What is the units digit of h?
0
Suppose 0 = 145*q + 131260 - 635982 - 116023. What is the units digit of q?
1
Suppose -c = -5*q - 43052, -43*c + 3*q = -40*c - 129084. What is the hundreds digit of c?
0
Let d = 15416 - 5712. What is the hundreds digit of d?
7
Let u(m) = 74*m**2 + 96*m + 34. What is the units digit of u(15)?
4
Let m = -278 + 258. What is the tens digit of 15/m + 29001/28?
3
Suppose -2*d = 10, 4*d + 8 = -2*p - 2*p. Suppose 5 = r + p, -5*i - 146 = -3*r. What is the tens digit of (-4)/14 - 1660/i?
5
Let u(m) = 440*m + 24. Let c be u(3). Suppose 3661 = 7*p - c. What is the hundreds digit of p?
7
Suppose 2*p - 7943 = -77. What is the thousands digit of p?
3
Let g(w) = -w**3 - 13*w**2 - 2*w - 21. Let v be g(-13). Suppose 4*d = 2*k + 136, 0 = v*k - 9 - 11. Suppose 28*i - 22*i = d. What is the units digit of i?
6
Let c(g) = -16*g**3 + 8*g**2 - 2*g - 7. Let x be 10 - 22 - (-7 - 1). What is the thousands digit of c(x)?
1
Suppose c + 94665 = 4*o, -3*c = -1035*o + 1034*o + 23680. What is the ten thousands digit of o?
2
Let w(t) = t**3 + 95*t**2 + 176*t - 137. What is the hundreds digit of w(-93)?
7
Suppose p + 0*p = 5, -d + 4*p = 18. Suppose 8*s - 1500 = d*s. What is the tens digit of s?
5
Let b be (-2)/10 + 18/15 - -4. Let c be (-10)/4*1544/(-10). Suppose 3*x + b*p - c = -x, -p = -x + 92. What is the units digit of x?
4
Suppose 2*l = -4*i + 4904, l + 4*i = -3*l + 9796. What is the hundreds digit of l?
4
Let s = -648 - -648. Suppose -3*q + 2*q + 1000 = s. What is the thousands digit of q?
1
Suppose -4*q = -3*t + 50, t - 20 = -0*t + 2*q. Suppose t*j + 614 - 6374 = 0. What is the units digit of j?
6
Let o(j) = -2*j**2 + 30*j + 4. Let y be o(15). Suppose 2*l + y*h = 1228, 2*h + 1822 = 3*l - 2*h. What is the tens digit of l?
1
Let z = -15289 - -24399. Suppose 2354 = -6*v + z. What is the hundreds digit of v?
1
Suppose -i = 5*f - 7*f + 42, -115 = -5*f + 5*i. Suppose f*j - 18*j - 324 = 0. What is the tens digit of j?
2
Suppose 37*o - 38*o + y + 2 = 0, -5*y + 6 = -o. What is the tens digit of (o/(-5))/(15/((-202050)/12))?
9
Let y be (6/8)/(1413/(-180) + 8). Let h(b) = 20*b**2 - 9*b + 5. What is the tens digit of h(y)?
6
Let z(m) = -m**3 + 8*m**2 - 4*m - 5. Let c be ((-12)/(-48))/(2/16). Let y(r) = r**3 - 1. Let b be y(c). What is the tens digit of z(b)?
1
Let s(j) = 4*j**2 - 93*j - 134. What is the units digit of s(34)?
8
Suppose 3*h + 163 = 127. Let x = 80 - 133. Let l = h - x. What is the tens digit of l?
4
Let q(u) = -77*u**3 - 10*u**2 - 10*u - 26. What is the thousands digit of q(-4)?
4
Let q = 114 - 111. Suppose 13*r = q*r + 60. Suppose p - r = 12. What is the tens digit of p?
1
Suppose 16*u + 19231 = 2351. Let b = 1936 + u. What is the units digit of b?
1
Let a(l) = 2*l**2 - 3. Let u be a(-2). Suppose -4*b + 0*b - 16 = 2*k, u*k = -2*b. What is the units digit of (k - 3) + (1 - -9)?
9
Suppose 10*l - 2685 = -5*l. Let z = 250 - l. Suppose h + 2*r = 129, -h - 5*r = -z - 52. What is the hundreds digit of h?
1
What is the thousands digit of (-32026)/(-6) + 160/(-240)?
5
Let f(c) = -c**2 + 11*c - 8. Let r be f(7). Suppose 0 = r*v + 6*v - 4056. What is the tens digit of v?
5
Suppose 3*i + 6*i + 990 = 0. Let h = 690 + i. What is the hundreds digit of h?
5
Suppose -4*x = 853 - 4697. Suppose -2*p = 5*b - x, 488 = p - b + 2*b. What is the tens digit of p?
9
Suppose 5*v + 11*l - 672 = 9*l, -4*v + 5*l + 564 = 0. What is the units digit of (-2)/((-4)/v*4)?
7
Let j(h) = 7*h**2 + 440*h - 24. What